{"id":4348,"date":"2023-04-19T15:22:37","date_gmt":"2023-04-19T19:22:37","guid":{"rendered":"https:\/\/www.mcacademy.ca\/admission-procedures\/"},"modified":"2023-08-17T15:23:33","modified_gmt":"2023-08-17T19:23:33","slug":"procedures-dadmission","status":"publish","type":"page","link":"https:\/\/www.mcacademy.ca\/fr\/procedures-dadmission\/","title":{"rendered":"ADMISSION"},"content":{"rendered":"<div class=\"wpb-content-wrapper\"><p>[vc_row row_content_width=\u00a0\u00bbgrid\u00a0\u00bb css=\u00a0\u00bb.vc_custom_1681932386700{padding-top: 50px !important;padding-bottom: 50px !important;background-position: center !important;background-repeat: no-repeat !important;background-size: cover !important;}\u00a0\u00bb simple_background_color=\u00a0\u00bb#f7f7f7&Prime;][vc_column offset=\u00a0\u00bbvc_hidden-sm vc_hidden-xs\u00a0\u00bb][vc_row_inner][vc_column_inner width=\u00a0\u00bb1\/4&Prime;][vc_single_image image=\u00a0\u00bb3724&Prime; img_size=\u00a0\u00bbfull\u00a0\u00bb alignment=\u00a0\u00bbcenter\u00a0\u00bb][\/vc_column_inner][vc_column_inner width=\u00a0\u00bb3\/4&Prime;]<div class=\"edgt-section-title-holder  edgt-st-standard edgt-st-title-left edgt-st-normal-space \" style=\"text-align: left\">\n\t<div class=\"edgt-st-inner\">\n\t\t\t\t\t<h3 class=\"edgt-st-title\" style=\"color: #891b2d\">\n\t\t\t\tProc\u00e9dures d'admission\t\t\t<\/h3>\n\t\t\t\t\t\t\t<p class=\"edgt-st-text\" style=\"color: #888\">\n\t\t\t\tL\u2019Acad\u00e9mie Macdonald-Cartier est vou\u00e9e \u00e0 l\u2019excellence en mati\u00e8res acad\u00e9miques, athl\u00e9tiques, en communication orale et en technologie, en plus de d\u00e9velopper le leadership, la responsabilit\u00e9 sociale et un sens d\u2019identit\u00e9 canadienne. Une d\u00e9dicace semblable est demand\u00e9e des \u00e9tudiants de Macdonald-Cartier. Il est imp\u00e9ratif que les requ\u00e9rants comprennent et respectent cet engagement. En cons\u00e9quence, il est hautement recommand\u00e9 \u00e0 l\u2019\u00e9tudiant et au(x) parent(s) de rencontrer le directeur afin de discuter de l\u2019enregistrement \u00e0 l\u2019Acad\u00e9mie Macdonald-Cartier.\t\t\t<\/p>\n\t\t\t<\/div>\n<\/div>[\/vc_column_inner][\/vc_row_inner][\/vc_column][\/vc_row][vc_row row_content_width=\u00a0\u00bbgrid\u00a0\u00bb css=\u00a0\u00bb.vc_custom_1681917137866{padding-top: 75px !important;padding-bottom: 75px !important;}\u00a0\u00bb][vc_column]<div class=\"edgt-section-title-holder  edgt-st-standard edgt-st-title-left edgt-st-normal-space \" style=\"text-align: left\">\n\t<div class=\"edgt-st-inner\">\n\t\t\t\t\t<h3 class=\"edgt-st-title\" style=\"color: #891b2d\">\n\t\t\t\t\u00c9tapes \u00e0 suivre\t\t\t<\/h3>\n\t\t\t\t\t<\/div>\n<\/div>[vc_column_text]<\/p>\n<ul>\n<li>Appliquez en ligne ou par t\u00e9l\u00e9phone pour enregistrer votre enfant pour les examens d&rsquo;admission.<\/li>\n<li>Quelques semaines apr\u00e8s les examens d&rsquo;admission, votre enfant sera invit\u00e9 \u00e0 passer une matin\u00e9e \u00e0 MCA \u00e0 suivre un \u00e9l\u00e8ve de la septi\u00e8me durant quatre p\u00e9riodes. Il\/elle rencontrera les \u00e9l\u00e8ves et les professeurs pendant un journ\u00e9e r\u00e9guli\u00e8re.<\/li>\n<li>Apr\u00e8s le d\u00eener, le\/la candidat(e) rencontrera M.Grenier, notre directeur g\u00e9n\u00e9ral du marketing (et enseignant), pour une rencontre de trente minutes.<\/li>\n<li>\u00c0 12h45, votre enfant et vous rencontreront M. Grenier pour une p\u00e9riode d&rsquo;information. Cette rencontre permettra aux deux parties d&rsquo;\u00e9changer de l&rsquo;information et de\u00a0 mieux se conna\u00eetre.<\/li>\n<li>Quand votre enfant est accept\u00e9 \u00e0 AMC, cela signifie que nous sommes confiants qu&rsquo;il\/elle aura du succ\u00e8s et sera heureux\/euse dans ce programme.<\/li>\n<\/ul>\n<p>[\/vc_column_text][\/vc_column][\/vc_row]<\/p>\n<\/div>","protected":false},"excerpt":{"rendered":"<p>[vc_row row_content_width=\u00a0\u00bbgrid\u00a0\u00bb css=\u00a0\u00bb.vc_custom_1681932386700{padding-top: 50px !important;padding-bottom: 50px !important;background-position: center !important;background-repeat: no-repeat !important;background-size: cover !important;}\u00a0\u00bb simple_background_color=\u00a0\u00bb#f7f7f7&Prime;][vc_column offset=\u00a0\u00bbvc_hidden-sm vc_hidden-xs\u00a0\u00bb][vc_row_inner][vc_column_inner width=\u00a0\u00bb1\/4&Prime;][vc_single_image image=\u00a0\u00bb3724&Prime; img_size=\u00a0\u00bbfull\u00a0\u00bb alignment=\u00a0\u00bbcenter\u00a0\u00bb][\/vc_column_inner][vc_column_inner width=\u00a0\u00bb3\/4&Prime;][\/vc_column_inner][\/vc_row_inner][\/vc_column][\/vc_row][vc_row row_content_width=\u00a0\u00bbgrid\u00a0\u00bb css=\u00a0\u00bb.vc_custom_1681917137866{padding-top: 75px !important;padding-bottom: 75px !important;}\u00a0\u00bb][vc_column][vc_column_text] Appliquez en ligne ou par t\u00e9l\u00e9phone pour enregistrer votre enfant pour les examens d&rsquo;admission. Quelques semaines apr\u00e8s les examens d&rsquo;admission, votre enfant sera invit\u00e9 \u00e0 passer une matin\u00e9e \u00e0 MCA \u00e0 suivre un \u00e9l\u00e8ve de la septi\u00e8me durant quatre p\u00e9riodes. Il\/elle rencontrera les \u00e9l\u00e8ves et les professeurs pendant un journ\u00e9e r\u00e9guli\u00e8re. Apr\u00e8s le d\u00eener, le\/la candidat(e) rencontrera M.Grenier, notre directeur g\u00e9n\u00e9ral du marketing [&hellip;]<\/p>\n","protected":false},"author":1,"featured_media":0,"parent":0,"menu_order":0,"comment_status":"closed","ping_status":"closed","template":"full-width.php","meta":{"_EventAllDay":false,"_EventTimezone":"","_EventStartDate":"","_EventEndDate":"","_EventStartDateUTC":"","_EventEndDateUTC":"","_EventShowMap":false,"_EventShowMapLink":false,"_EventURL":"","_EventCost":"","_EventCostDescription":"","_EventCurrencySymbol":"","_EventCurrencyCode":"","_EventCurrencyPosition":"","_EventDateTimeSeparator":"","_EventTimeRangeSeparator":"","_EventOrganizerID":[],"_EventVenueID":[],"_OrganizerEmail":"","_OrganizerPhone":"","_OrganizerWebsite":"","_VenueAddress":"","_VenueCity":"","_VenueCountry":"","_VenueProvince":"","_VenueState":"","_VenueZip":"","_VenuePhone":"","_VenueURL":"","_VenueStateProvince":"","_VenueLat":"","_VenueLng":"","_VenueShowMap":false,"_VenueShowMapLink":false,"footnotes":""},"class_list":["post-4348","page","type-page","status-publish","hentry"],"_links":{"self":[{"href":"https:\/\/www.mcacademy.ca\/fr\/wp-json\/wp\/v2\/pages\/4348","targetHints":{"allow":["GET"]}}],"collection":[{"href":"https:\/\/www.mcacademy.ca\/fr\/wp-json\/wp\/v2\/pages"}],"about":[{"href":"https:\/\/www.mcacademy.ca\/fr\/wp-json\/wp\/v2\/types\/page"}],"author":[{"embeddable":true,"href":"https:\/\/www.mcacademy.ca\/fr\/wp-json\/wp\/v2\/users\/1"}],"replies":[{"embeddable":true,"href":"https:\/\/www.mcacademy.ca\/fr\/wp-json\/wp\/v2\/comments?post=4348"}],"version-history":[{"count":5,"href":"https:\/\/www.mcacademy.ca\/fr\/wp-json\/wp\/v2\/pages\/4348\/revisions"}],"predecessor-version":[{"id":4522,"href":"https:\/\/www.mcacademy.ca\/fr\/wp-json\/wp\/v2\/pages\/4348\/revisions\/4522"}],"wp:attachment":[{"href":"https:\/\/www.mcacademy.ca\/fr\/wp-json\/wp\/v2\/media?parent=4348"}],"curies":[{"name":"wp","href":"https:\/\/api.w.org\/{rel}","templated":true}]}}

<div class="wpb-content-wrapper"><p>[vc_row row_content_width= »grid » css= ».vc_custom_1681932386700{padding-top: 50px !important;padding-bottom: 50px !important;background-position: center !important;background-repeat: no-repeat !important;background-size: cover !important;} » simple_background_color= »#f7f7f7&Prime;][vc_column offset= »vc_hidden-sm vc_hidden-xs »][vc_row_inner][vc_column_inner width= »1/4&Prime;][vc_single_image image= »3724&Prime; img_size= »full » alignment= »center »][/vc_column_inner][vc_column_inner width= »3/4&Prime;]<div class="edgt-section-title-holder  edgt-st-standard edgt-st-title-left edgt-st-normal-space " style="text-align: left">
	<div class="edgt-st-inner">
					<h3 class="edgt-st-title" style="color: #891b2d">
				Procédures d'admission			</h3>
							<p class="edgt-st-text" style="color: #888">
				L’Académie Macdonald-Cartier est vouée à l’excellence en matières académiques, athlétiques, en communication orale et en technologie, en plus de développer le leadership, la responsabilité sociale et un sens d’identité canadienne. Une dédicace semblable est demandée des étudiants de Macdonald-Cartier. Il est impératif que les requérants comprennent et respectent cet engagement. En conséquence, il est hautement recommandé à l’étudiant et au(x) parent(s) de rencontrer le directeur afin de discuter de l’enregistrement à l’Académie Macdonald-Cartier.			</p>
			</div>
</div>[/vc_column_inner][/vc_row_inner][/vc_column][/vc_row][vc_row row_content_width= »grid » css= ».vc_custom_1681917137866{padding-top: 75px !important;padding-bottom: 75px !important;} »][vc_column]<div class="edgt-section-title-holder  edgt-st-standard edgt-st-title-left edgt-st-normal-space " style="text-align: left">
	<div class="edgt-st-inner">
					<h3 class="edgt-st-title" style="color: #891b2d">
				Étapes à suivre			</h3>
					</div>
</div>[vc_column_text]</p>
<ul>
<li>Appliquez en ligne ou par téléphone pour enregistrer votre enfant pour les examens d&rsquo;admission.</li>
<li>Quelques semaines après les examens d&rsquo;admission, votre enfant sera invité à passer une matinée à MCA à suivre un élève de la septième durant quatre périodes. Il/elle rencontrera les élèves et les professeurs pendant un journée régulière.</li>
<li>Après le dîner, le/la candidat(e) rencontrera M.Grenier, notre directeur général du marketing (et enseignant), pour une rencontre de trente minutes.</li>
<li>À 12h45, votre enfant et vous rencontreront M. Grenier pour une période d&rsquo;information. Cette rencontre permettra aux deux parties d&rsquo;échanger de l&rsquo;information et de  mieux se connaître.</li>
<li>Quand votre enfant est accepté à AMC, cela signifie que nous sommes confiants qu&rsquo;il/elle aura du succès et sera heureux/euse dans ce programme.</li>
</ul>
<p>[/vc_column_text][/vc_column][/vc_row]</p>
</div>

<p>[vc_row row_content_width= »grid » css= ».vc_custom_1681932386700{padding-top: 50px !important;padding-bottom: 50px !important;background-position: center !important;background-repeat: no-repeat !important;background-size: cover !important;} » simple_background_color= »#f7f7f7&Prime;][vc_column offset= »vc_hidden-sm vc_hidden-xs »][vc_row_inner][vc_column_inner width= »1/4&Prime;][vc_single_image image= »3724&Prime; img_size= »full » alignment= »center »][/vc_column_inner][vc_column_inner width= »3/4&Prime;][/vc_column_inner][/vc_row_inner][/vc_column][/vc_row][vc_row row_content_width= »grid » css= ».vc_custom_1681917137866{padding-top: 75px !important;padding-bottom: 75px !important;} »][vc_column][vc_column_text] Appliquez en ligne ou par téléphone pour enregistrer votre enfant pour les examens d&rsquo;admission. Quelques semaines après les examens d&rsquo;admission, votre enfant sera invité à passer une matinée à MCA à suivre un élève de la septième durant quatre périodes. Il/elle rencontrera les élèves et les professeurs pendant un journée régulière. Après le dîner, le/la candidat(e) rencontrera M.Grenier, notre directeur général du marketing [&hellip;]</p>
